{"id":64,"date":"2026-02-17T09:59:44","date_gmt":"2026-02-17T09:59:44","guid":{"rendered":"https:\/\/africahernandez.fpcei.eu\/?page_id=64"},"modified":"2026-02-17T09:59:44","modified_gmt":"2026-02-17T09:59:44","slug":"horarios","status":"publish","type":"page","link":"https:\/\/africahernandez.fpcei.eu\/?page_id=64","title":{"rendered":"HORARIOS"},"content":{"rendered":"\n<p>sala 1<\/p>\n\n\n\n<div class=\"wp-block-columns is-layout-flex wp-container-core-columns-is-layout-28f84493 wp-block-columns-is-layout-flex\">\n<div class=\"wp-block-column is-layout-flow wp-block-column-is-layout-flow\" style=\"flex-basis:100%\">\n<div class=\"wp-block-columns is-style-section-4 is-layout-flex wp-container-core-columns-is-layout-28f84493 wp-block-columns-is-layout-flex is-style-section-4--1\">\n<div class=\"wp-block-column is-layout-flow wp-block-column-is-layout-flow\" style=\"flex-basis:100%\">\n<figure class=\"wp-block-table is-style-regular\"><table class=\"has-fixed-layout\"><tbody><tr><td>sala 1<\/td><td class=\"has-text-align-left\" data-align=\"left\">Lunes<\/td><td>Martes <\/td><td>Mierco<\/td><td>Jueves<\/td><td>Vierne<\/td><td>S\u00e1bado<\/td><td><\/td><\/tr><tr><td>16:30<\/td><td class=\"has-text-align-left\" data-align=\"left\">infantil<br>ballet<\/td><td>eleme- f\u00edsico<\/td><td>infantil<br>ballet<\/td><td>eleme- <br>contempor\u00e1neo<\/td><td><br>inter-<br>contempor\u00e1neo<\/td><td>     &#8211;<\/td><td><\/td><\/tr><tr><td>17:30<\/td><td class=\"has-text-align-left\" data-align=\"left\">inter-<br>ballet<\/td><td>eleme- ballet<\/td><td>inter-f\u00edsico<\/td><td>eleme-ballet<\/td><td>inter-contempor\u00e1neo<\/td><td>     &#8211;<\/td><td><\/td><\/tr><tr><td>18:30<\/td><td class=\"has-text-align-left\" data-align=\"left\">inter-<br>flexibilidad<\/td><td>eleme-<br>repertorio<\/td><td>inter-<br>ballet<\/td><td>eleme-<br>puntas<\/td><td>     &#8211;<\/td><td>ensayo<\/td><td><\/td><\/tr><tr><td>19:30<\/td><td class=\"has-text-align-left\" data-align=\"left\">inter-<br>repertorio<\/td><td>adultosballet<\/td><td>inter-<br>puntas<\/td><td>adultos<br>ballet<\/td><td>     _<\/td><td>ensayo<\/td><td><\/td><\/tr><tr><td>20:30<\/td><td class=\"has-text-align-left\" data-align=\"left\">     _<\/td><td>adultos<br>ballet<\/td><td>    _<\/td><td>adultos<br>ballet<\/td><td>     _<\/td><td>ensayo<\/td><td><\/td><\/tr><\/tbody><\/table><figcaption class=\"wp-element-caption\"><strong>eleme-=elemental, inter=intermedio<\/strong><\/figcaption><\/figure>\n<\/div>\n<\/div>\n<\/div>\n<\/div>\n\n\n\n<p>sala 2- SOLO AVANZADO<\/p>\n\n\n\n<div class=\"wp-block-columns is-style-section-4 is-layout-flex wp-container-core-columns-is-layout-28f84493 wp-block-columns-is-layout-flex is-style-section-4--2\">\n<div class=\"wp-block-column is-layout-flow wp-block-column-is-layout-flow\" style=\"flex-basis:100%\">\n<figure class=\"wp-block-table\"><table class=\"has-fixed-layout\"><tbody><tr><td><\/td><td>Lunes<\/td><td>Martes<\/td><td>Mi\u00e9rcoles<\/td><td>Jueves<\/td><td>Viernes<\/td><\/tr><tr><td>17:00-18:45<\/td><td>clase ballet<\/td><td>clase ballet<\/td><td>clase ballet<\/td><td>clase ballet<\/td><td>clase ballet<\/td><\/tr><tr><td>19:00-20:00<\/td><td>repertorio<\/td><td>contempor\u00e1neo<\/td><td>repertorio<\/td><td>paso a dos<\/td><td>ensayos<\/td><\/tr><tr><td>20:00-21:00<\/td><td>puntas (chicas)<\/td><td>contempor\u00e1neo<\/td><td>f\u00edsico<\/td><td>puntas (chicas)<\/td><td>ensayos<\/td><\/tr><\/tbody><\/table><\/figure>\n<\/div>\n<\/div>\n\n\n\n<p><\/p>\n","protected":false},"excerpt":{"rendered":"<p>sala 1 sala 1 Lunes Martes Mierco Jueves Vierne S\u00e1bado 16:30 infantilballet eleme- f\u00edsico infantilballet eleme- contempor\u00e1neo inter-contempor\u00e1neo &#8211; 17:30 inter-ballet eleme- ballet inter-f\u00edsico eleme-ballet inter-contempor\u00e1neo &#8211; 18:30 inter-flexibilidad eleme-repertorio inter-ballet eleme-puntas &#8211; ensayo 19:30 inter-repertorio adultosballet inter-puntas adultosballet _ ensayo 20:30 _ adultosballet _ adultosballet _ ensayo eleme-=elemental, inter=intermedio sala 2- SOLO AVANZADO Lunes [&hellip;]<\/p>\n","protected":false},"author":2,"featured_media":0,"parent":0,"menu_order":0,"comment_status":"closed","ping_status":"closed","template":"","meta":{"footnotes":""},"class_list":["post-64","page","type-page","status-publish","hentry"],"_links":{"self":[{"href":"https:\/\/africahernandez.fpcei.eu\/index.php?rest_route=\/wp\/v2\/pages\/64","targetHints":{"allow":["GET"]}}],"collection":[{"href":"https:\/\/africahernandez.fpcei.eu\/index.php?rest_route=\/wp\/v2\/pages"}],"about":[{"href":"https:\/\/africahernandez.fpcei.eu\/index.php?rest_route=\/wp\/v2\/types\/page"}],"author":[{"embeddable":true,"href":"https:\/\/africahernandez.fpcei.eu\/index.php?rest_route=\/wp\/v2\/users\/2"}],"replies":[{"embeddable":true,"href":"https:\/\/africahernandez.fpcei.eu\/index.php?rest_route=%2Fwp%2Fv2%2Fcomments&post=64"}],"version-history":[{"count":2,"href":"https:\/\/africahernandez.fpcei.eu\/index.php?rest_route=\/wp\/v2\/pages\/64\/revisions"}],"predecessor-version":[{"id":67,"href":"https:\/\/africahernandez.fpcei.eu\/index.php?rest_route=\/wp\/v2\/pages\/64\/revisions\/67"}],"wp:attachment":[{"href":"https:\/\/africahernandez.fpcei.eu\/index.php?rest_route=%2Fwp%2Fv2%2Fmedia&parent=64"}],"curies":[{"name":"wp","href":"https:\/\/api.w.org\/{rel}","templated":true}]}}