{"id":80,"date":"2026-02-19T07:57:03","date_gmt":"2026-02-19T07:57:03","guid":{"rendered":"https:\/\/africahernandez.fpcei.eu\/?page_id=80"},"modified":"2026-02-19T07:57:03","modified_gmt":"2026-02-19T07:57:03","slug":"instalaciones","status":"publish","type":"page","link":"https:\/\/africahernandez.fpcei.eu\/?page_id=80","title":{"rendered":"Instalaciones"},"content":{"rendered":"\n<p>Disponemos de dos aulas muy amplias con parqu\u00e9, espejos y barras de madera.<\/p>\n\n\n\n<h2 class=\"wp-block-heading\"><mark style=\"background-color:#7d5d4a\" class=\"has-inline-color has-custom-color-1-color\">Sala 1<\/mark><\/h2>\n\n\n\n<figure class=\"wp-block-image size-large\"><img loading=\"lazy\" decoding=\"async\" width=\"1024\" height=\"683\" src=\"https:\/\/africahernandez.fpcei.eu\/wp-content\/uploads\/2026\/02\/clases-de-balletb-1024x683.jpg\" alt=\"\" class=\"wp-image-81\" srcset=\"https:\/\/africahernandez.fpcei.eu\/wp-content\/uploads\/2026\/02\/clases-de-balletb-1024x683.jpg 1024w, https:\/\/africahernandez.fpcei.eu\/wp-content\/uploads\/2026\/02\/clases-de-balletb-300x200.jpg 300w, https:\/\/africahernandez.fpcei.eu\/wp-content\/uploads\/2026\/02\/clases-de-balletb-768x512.jpg 768w, https:\/\/africahernandez.fpcei.eu\/wp-content\/uploads\/2026\/02\/clases-de-balletb.jpg 1200w\" sizes=\"auto, (max-width: 1024px) 100vw, 1024px\" \/><\/figure>\n\n\n\n<h2 class=\"wp-block-heading\"><mark style=\"background-color:#7d5d4a\" class=\"has-inline-color has-custom-color-1-color\">sala 2<\/mark><\/h2>\n\n\n\n<figure class=\"wp-block-image size-full is-resized\"><img loading=\"lazy\" decoding=\"async\" width=\"390\" height=\"219\" src=\"https:\/\/africahernandez.fpcei.eu\/wp-content\/uploads\/2026\/02\/sala-ballet-edited.webp\" alt=\"\" class=\"wp-image-84\" style=\"aspect-ratio:1.7808461376552305;width:554px;height:auto\" srcset=\"https:\/\/africahernandez.fpcei.eu\/wp-content\/uploads\/2026\/02\/sala-ballet-edited.webp 390w, https:\/\/africahernandez.fpcei.eu\/wp-content\/uploads\/2026\/02\/sala-ballet-edited-300x168.webp 300w\" sizes=\"auto, (max-width: 390px) 100vw, 390px\" \/><\/figure>\n\n\n\n<p><mark style=\"background-color:#7d5d4a;color:#FFFFFF\" class=\"has-inline-color\">Tenemos vestuarios masculinos y vestuarios femeninos, con bancos, taquillas, varias duchas y aseos en cada uno.<\/mark><\/p>\n\n\n\n<figure class=\"wp-block-image\"><img decoding=\"async\" src=\"https:\/\/img.peerspace.com\/image\/upload\/f_auto%2Cq_auto%2Cdpr_auto%2Cw_3840\/syioley2fwmqmjyqt38z\" alt=\"The Bar Method | Fitness\/Dance Studio with Carpet and Ballet Barres,  Livermore, CA | Production | Peerspace\"\/><\/figure>\n\n\n\n<figure class=\"wp-block-image size-full\"><img loading=\"lazy\" decoding=\"async\" width=\"624\" height=\"472\" src=\"https:\/\/africahernandez.fpcei.eu\/wp-content\/uploads\/2026\/02\/aseos-1.webp\" alt=\"\" class=\"wp-image-87\" srcset=\"https:\/\/africahernandez.fpcei.eu\/wp-content\/uploads\/2026\/02\/aseos-1.webp 624w, https:\/\/africahernandez.fpcei.eu\/wp-content\/uploads\/2026\/02\/aseos-1-300x227.webp 300w\" sizes=\"auto, (max-width: 624px) 100vw, 624px\" \/><\/figure>\n\n\n\n<p><mark style=\"background-color:#c6a08e;color:#7d5d4a\" class=\"has-inline-color\">En nuestra recepci\u00f3n, siempre estar\u00e9is bien atendidos, en las mejores manos para aclarar horarios, precios, niveles.. Los alumnos, padres o profesores pasan tiempo de calidad en los sof\u00e1s, ya sea descansando, haciendo tiempo o hablando sobre pr\u00f3ximos eventos. pod\u00e9is encontrar varias mesitas para que los alumnos puedan terminar deberes y estudiar.<\/mark><\/p>\n\n\n\n<figure class=\"wp-block-image size-large\"><img loading=\"lazy\" decoding=\"async\" width=\"1024\" height=\"576\" src=\"https:\/\/africahernandez.fpcei.eu\/wp-content\/uploads\/2026\/02\/recepcion-1024x576.jpg\" alt=\"\" class=\"wp-image-88\" srcset=\"https:\/\/africahernandez.fpcei.eu\/wp-content\/uploads\/2026\/02\/recepcion-1024x576.jpg 1024w, https:\/\/africahernandez.fpcei.eu\/wp-content\/uploads\/2026\/02\/recepcion-300x169.jpg 300w, https:\/\/africahernandez.fpcei.eu\/wp-content\/uploads\/2026\/02\/recepcion-768x432.jpg 768w, https:\/\/africahernandez.fpcei.eu\/wp-content\/uploads\/2026\/02\/recepcion-1536x864.jpg 1536w, https:\/\/africahernandez.fpcei.eu\/wp-content\/uploads\/2026\/02\/recepcion.jpg 2000w\" sizes=\"auto, (max-width: 1024px) 100vw, 1024px\" \/><\/figure>\n\n\n","protected":false},"excerpt":{"rendered":"<p>Disponemos de dos aulas muy amplias con parqu\u00e9, espejos y barras de madera. Sala 1 sala 2 Tenemos vestuarios masculinos y vestuarios femeninos, con bancos, taquillas, varias duchas y aseos en cada uno. En nuestra recepci\u00f3n, siempre estar\u00e9is bien atendidos, en las mejores manos para aclarar horarios, precios, niveles.. Los alumnos, padres o profesores pasan [&hellip;]<\/p>\n","protected":false},"author":2,"featured_media":0,"parent":0,"menu_order":0,"comment_status":"closed","ping_status":"closed","template":"","meta":{"footnotes":""},"class_list":["post-80","page","type-page","status-publish","hentry"],"_links":{"self":[{"href":"https:\/\/africahernandez.fpcei.eu\/index.php?rest_route=\/wp\/v2\/pages\/80","targetHints":{"allow":["GET"]}}],"collection":[{"href":"https:\/\/africahernandez.fpcei.eu\/index.php?rest_route=\/wp\/v2\/pages"}],"about":[{"href":"https:\/\/africahernandez.fpcei.eu\/index.php?rest_route=\/wp\/v2\/types\/page"}],"author":[{"embeddable":true,"href":"https:\/\/africahernandez.fpcei.eu\/index.php?rest_route=\/wp\/v2\/users\/2"}],"replies":[{"embeddable":true,"href":"https:\/\/africahernandez.fpcei.eu\/index.php?rest_route=%2Fwp%2Fv2%2Fcomments&post=80"}],"version-history":[{"count":1,"href":"https:\/\/africahernandez.fpcei.eu\/index.php?rest_route=\/wp\/v2\/pages\/80\/revisions"}],"predecessor-version":[{"id":89,"href":"https:\/\/africahernandez.fpcei.eu\/index.php?rest_route=\/wp\/v2\/pages\/80\/revisions\/89"}],"wp:attachment":[{"href":"https:\/\/africahernandez.fpcei.eu\/index.php?rest_route=%2Fwp%2Fv2%2Fmedia&parent=80"}],"curies":[{"name":"wp","href":"https:\/\/api.w.org\/{rel}","templated":true}]}}